 is divided by x?
12
Let b = 5379 + -4856. What is the remainder when b is divided by 193?
137
Let r = 40187 + -40125. Suppose o = 4*o - 42. Calculate the remainder when r is divided by o.
6
Suppose -5*c = -2*y + 82, -48*y + 224 = -44*y + 5*c. Let k = 36 + -10. What is the remainder when y is divided by k?
25
Let k = 39 + -69. Calculate the remainder when 77 is divided by (-1780)/(-150) + (-4)/k.
5
Let m be (6 + -4)*(-9)/(-3). What is the remainder when (m/42 - (-15)/(-7)) + 47 is divided by 12 - (-6)/9*6?
13
Let f = 47 + -26. Suppose 4*y - 6*y + 32 = 4*x, 0 = 2*x - y - 28. Calculate the remainder when f is divided by x.
10
Let l = 21079 - 17866. Calculate the remainder when l is divided by 10.
3
Let r = -1516 + 3915. Calculate the remainder when r is divided by 30.
29
Let b(q) = -5*q - 25. Let f be b(-8). Suppose -f = -4*t + 17. Calculate the remainder when 25 is divided by t.
1
Suppose -204*j - 767 = -217*j. Calculate the remainder when 305 is divided by j.
10
Suppose -t + 2*m + 114 = 0, -3*t - 2*m + 80 = -238. Calculate the remainder when 133 is divided by t.
25
Let x be ((-21)/2)/((-24)/(-64)). Calculate the remainder when x/(-8) - (-54)/4 is divided by 10.
7
Let l = -940 - -1418. Suppose -3247 = -25*w + l. Let b = -74 + 104. Calculate the remainder when w is divided by b.
29
Suppose -15*m - 5540 = -19*m + 4*u, u + 4141 = 3*m. Calculate the remainder when m is divided by 60.
58
Let p(c) = -c**3 + c + 16. Let z be p(0). Suppose 0 = 5*l + z - 6. What is the remainder when 4/2 - 25*l is divided by 5?
2
Suppose 2*j + 2*j = -4*c + 92, 3*j = -c + 25. Suppose 3*g - 17*f = -c*f - 10, 0 = -5*g + f + 30. Calculate the remainder when 2*16*(2 - 1) is divided by g.
2
Let g(j) = -6*j + 3. Let q be g(-10). Suppose -12*o - 27 + q = 0. Suppose -n = -4*u - 18 - 3, o*n - 4*u = 63. Calculate the remainder when 60 is divided by n.
18
Let r(v) = -4*v - 1. Let i be r(3). Suppose 28*n + 34 = 454. Calculate the remainder when 1512/26 + 2/i is divided by n.
13
Let g = 43 + -27. Suppose -j = 4*o - 2584 + 453, 0 = 5*j + 5. Suppose 5*n = -4*w + o, 30 = n - 2*w - 85. Calculate the remainder when n is divided by g.
13
Let w be -32 - ((-1 - -3) + -5). Let m = w - -69. Let r = 77 + 2. What is the remainder when r is divided by m?
39
Suppose -p - 4 + 81 = 0. Let f be ((-120)/45)/((-4)/(-6)). Calculate the remainder when p is divided by ((144/10)/4)/(f/(-30)).
23
Let b = 2 - -13. Let c be (-2)/(-15) + 1 + 778/b. Suppose -3*n + 204 = 3*h, -4*h = -5*h + 4*n + c. Calculate the remainder when h is divided by 18.
11
Suppose 4*g + f = 99, 6*g - f = 3*g + 83. What is the remainder when g is divided by 8 - -2*(7 - 8)?
2
Let o(r) be the first derivative of -r**3 - 19*r**2/2 - 10*r - 296. What is the remainder when 65 is divided by o(-5)?
5
Let d(z) = 753*z**3 + 8*z**2 - 12*z + 3. What is the remainder when d(1) is divided by 123?
14
Suppose 0 = -3*o - 4*z + 155, -2*z - 54 = -o - z. Suppose -o = -5*n + 142. Calculate the remainder when n is divided by (1/(-3))/(-18 + (-7116)/(-396)).
6
Suppose 0 = 718*i - 722*i + j + 524, 0 = -5*i + 3*j + 662. What is the remainder when 1284 is divided by i?
114
Let l(k) = -k**3 - 10*k + 7. What is the remainder when l(-6) is divided by 9?
4
Suppose 15*u = -245 + 575. Let v be (-70)/(-22) - 18/99. Suppose -v*i - 18 = -6*i. Calculate the remainder when u is divided by i.
4
What is the remainder when 48*(876/(-584))/(12/(-314)) is divided by 31?
24
Suppose 0 = s - 153 - 10. Let g = -58 + s. Suppose 15 - g = -5*t. Calculate the remainder when 124 is divided by t.
16
Suppose -w + 3*l = 42 - 144, -2*w + 4*l + 204 = 0. Let q = 184 - 62. Let r = q - w. What is the remainder when 34 is divided by r?
14
Let j be (18/4)/(525/60 + -8). Let v(a) = 2*a**3 + a**2 - 2*a - 5. Calculate the remainder when v(4) is divided by -5 - (-165 - -3)/j.
21
Let i(y) be the third derivative of 0 + y**3 - 19*y**2 + 25/24*y**4 + 0*y. Calculate the remainder when 61 is divided by i(1).
30
Suppose 15*l + 0*l = l + 280. What is the remainder when 698 is divided by l?
18
Let r = 11556 - 3332. Calculate the remainder when r is divided by 18.
16
Suppose 4*s + 2 = -14, 2*s = 2*g + 460. Let z = g + 433. Calculate the remainder when z is divided by 51.
46
Let n = 53 - 56. Let m be 78 + 1 - n/(1 + -4). Suppose m = -34*p + 40*p. What is the remainder when 50 is divided by p?
11
Suppose 1 = v - 36. Let o = v + -43. What is the remainder when -39*((-16)/o + -4) is divided by 18?
16
Calculate the remainder when 3/((-126)/12) - 12*(-1839)/14 is divided by 6.
4
Let c(d) = d**3 - 11*d**2 + 28*d - 10. What is the remainder when 370 is divided by c(8)?
18
Let c(d) = 2*d**2 + d - 3. Calculate the remainder when 2 + -11 + 28*(12 - 11) is divided by c(3).
1
What is the remainder when (14 - 2122 - -23)*2/(-10) - -3 is divided by 57?
21
Suppose 5*z - 40 = -2*n, 2*n - 33 = -2*z - 5. Suppose -n*c = -5*c - 1175. What is the remainder when c is divided by 40?
35
Let d(x) = x**2 - x**2 - x**2 - 8*x + 11. Suppose 2*f = -15*i + 10*i - 28, -5*f - 35 = -5*i. Calculate the remainder when 7 is divided by d(f).
1
Suppose -2*g = -50 - 140 - 294. What is the remainder when g is divided by 80?
2
Let j(i) = 7*i**3 + 629*i**2 - 90*i + 56. Calculate the remainder when 720 is divided by j(-90).
48
Let d = -5759 + 5789. Calculate the remainder when 284 is divided by d.
14
Let f(a) = 2*a**3 + 26*a**2 - 235*a - 3103. Let n(b) = b**3 - 3*b**2 + 4. Let y be (-4)/(-6)*18/4. Calculate the remainder when f(-12) is divided by n(y).
1
Let p(x) = -x**3 - 38*x + 8*x**2 - x**2 - 4 + 35*x. What is the remainder when p(3) is divided by 11?
1
What is the remainder when 21606 is divided by (0 + -1*(0 + 1))/((-1494)/55278)?
35
Let f(z) = -z**2 - 27*z + 677. Calculate the remainder when 18798 is divided by f(-42).
45
Suppose 0 = f + 209 - 295. Suppose -13 + 157 = 8*n. Calculate the remainder when f is divided by n.
14
Let v(y) = 2*y - 1. Let f be v(6). Suppose -i = 4*l + 111, 0 = -3*l - 5*i - f - 51. Let b = l - -52. Calculate the remainder when 113 is divided by b.
21
Suppose -45*d + 70*d = 71*d - 27508. What is the remainder when d is divided by 12?
10
Let t(l) = 3*l - 185. Let d(q) = -4*q + 183. Let y(k) = 3*d(k) + 2*t(k). Calculate the remainder when y(20) is divided by 51.
8
Let z = -75 - -87. Suppose z*r = 15*r - 156. Calculate the remainder when r is divided by 9.
7
Calculate the remainder when ((-2)/(-6))/(327/1072233) is divided by 270.
13
Let k = -5825 + 5848. What is the remainder when 22838 is divided by k?
22
Let n(x) = -56*x**3 - 23*x - 19*x + 46*x**2 + 55*x**3 - 105. What is the remainder when 327 is divided by n(45)?
27
Let r(v) = -v**2 + 14*v + 26. Let s be 220/(-77)*7/(-2)*-1. What is the remainder when r(14) is divided by ((-5)/s)/(4/72)?
8
Suppose -2*j + 4*x = -314, 10*j - 5*j - 4*x = 791. Calculate the remainder when 524 is divided by j.
47
Let p(r) = -36*r**2 - 3160*r + 714. Let z = 23 - -244. What is the remainder when z is divided by p(-88)?
7
Let y(w) = w**3 - 16*w**2 + 30*w - 16. Suppose -15*t + 14*t = -42. Calculate the remainder when t is divided by y(14).
6
Let c be (55 + -1)/((-33)/(33/(-2))). Let i be 1/(-3)*(-94 + 1). Suppose c*r + 80 = i*r. Calculate the remainder when 59 is divided by r.
19
Suppose 2*s + 8*s = 20. Suppose 4*o - 399 = -2*i + 341, 8 = -s*i. Calculate the remainder when o is divided by 47.
46
Let m(i) = 5*i**2 + 7*i - 11. Let j be m(3). Suppose -j*v + 396 = -43*v. Calculate the remainder when 86 is divided by v.
20
Suppose -4*x + 201 = -3*o, -x + 10 = 3*o - 29. Let k(b) = 20*b - 51 + 2*b**2 - 3*b**2 + 34 - 42. What is the remainder when x is divided by k(6)?
23
What is the remainder when 2790 - 598/(-115)*-5 is divided by 19?
9
Let x = 331 + -330. What is the remainder when -212*((3/6)/x)/(-1) is divided by 30?
16
Suppose 0 = -2*g + 1861 + 1185. Suppose -g - 85 = -12*o. What is the remainder when o is divided by 28?
22
Let v(r) = -107*r - 846. What is the remainder when 2848 is divided by v(-8)?
8
Let x(l) = 34*l + 944. Calculate the remainder when x(-14) is divided by 155.
3
Suppose -5*v + 2 = -3. Suppose -v - 2 = -3*g. Suppose 239*j - 187*j - 115 + 11 = 0. What is the remainder when j is divided by g?
0
Let i = -4202 + 4570. What is the remainder when i is divided by 114?
26
Suppose -80 